[INFO] cloning repository https://github.com/liambloom/pattern-finder
[INFO] running `Command { std: "git" "-c" "credential.helper=" "-c" "credential.helper=/workspace/cargo-home/bin/git-credential-null" "clone" "--bare" "https://github.com/liambloom/pattern-finder" "/workspace/cache/git-repos/https%3A%2F%2Fgithub.com%2Fliambloom%2Fpattern-finder", kill_on_drop: false }`
[INFO] [stderr] Cloning into bare repository '/workspace/cache/git-repos/https%3A%2F%2Fgithub.com%2Fliambloom%2Fpattern-finder'...
[INFO] running `Command { std: "git" "rev-parse" "HEAD", kill_on_drop: false }`
[INFO] [stdout] 46083204ce212ea260820ef7c3534197528586d6
[INFO] checking liambloom/pattern-finder against master#af3c6e733a40e671550e0f0f5aeecaa13772ba56 for pr-74989
[INFO] running `Command { std: "git" "clone" "/workspace/cache/git-repos/https%3A%2F%2Fgithub.com%2Fliambloom%2Fpattern-finder" "/workspace/builds/worker-5/source", kill_on_drop: false }`
[INFO] [stderr] Cloning into '/workspace/builds/worker-5/source'...
[INFO] [stderr] done.
[INFO] validating manifest of git repo https://github.com/liambloom/pattern-finder on toolchain af3c6e733a40e671550e0f0f5aeecaa13772ba56
[INFO] running `Command { std: "/workspace/cargo-home/bin/cargo" "+af3c6e733a40e671550e0f0f5aeecaa13772ba56" "read-manifest" "--manifest-path" "Cargo.toml", kill_on_drop: false }`
[INFO] started tweaking git repo https://github.com/liambloom/pattern-finder
[INFO] removed workspace from git repo https://github.com/liambloom/pattern-finder
[INFO] removed path dependency config from git repo https://github.com/liambloom/pattern-finder
[INFO] removed path dependency math from git repo https://github.com/liambloom/pattern-finder
[INFO] removed path dependency util from git repo https://github.com/liambloom/pattern-finder
[INFO] finished tweaking git repo https://github.com/liambloom/pattern-finder
[INFO] tweaked toml for git repo https://github.com/liambloom/pattern-finder written to /workspace/builds/worker-5/source/Cargo.toml
[INFO] crate git repo https://github.com/liambloom/pattern-finder already has a lockfile, it will not be regenerated
[INFO] running `Command { std: "/workspace/cargo-home/bin/cargo" "+af3c6e733a40e671550e0f0f5aeecaa13772ba56" "fetch" "--locked" "--manifest-path" "Cargo.toml", kill_on_drop: false }`
[INFO] [stderr] warning: dependency (config) specified without providing a local path, Git repository, or version to use. This will be considered an error in future versions
[INFO] [stderr] warning: dependency (math) specified without providing a local path, Git repository, or version to use. This will be considered an error in future versions
[INFO] [stderr] warning: dependency (util) specified without providing a local path, Git repository, or version to use. This will be considered an error in future versions
[INFO] [stderr]     Updating crates.io index
[INFO] [stderr] error: the lock file /workspace/builds/worker-5/source/Cargo.lock needs to be updated but --locked was passed to prevent this
[INFO] [stderr] If you want to try to generate the lock file without accessing the network, use the --offline flag.
[INFO] the lockfile is outdated, regenerating it
[INFO] running `Command { std: "/workspace/cargo-home/bin/cargo" "+af3c6e733a40e671550e0f0f5aeecaa13772ba56" "generate-lockfile" "--manifest-path" "Cargo.toml" "-Zno-index-update", kill_on_drop: false }`
[INFO] running `Command { std: "/workspace/cargo-home/bin/cargo" "+af3c6e733a40e671550e0f0f5aeecaa13772ba56" "fetch" "--locked" "--manifest-path" "Cargo.toml", kill_on_drop: false }`
[INFO] [stderr] warning: dependency (config) specified without providing a local path, Git repository, or version to use. This will be considered an error in future versions
[INFO] [stderr] warning: dependency (math) specified without providing a local path, Git repository, or version to use. This will be considered an error in future versions
[INFO] [stderr] warning: dependency (util) specified without providing a local path, Git repository, or version to use. This will be considered an error in future versions
[INFO] [stderr]     Blocking waiting for file lock on package cache
[INFO] running `Command { std: "docker" "create" "-v" "/var/lib/crater-agent-workspace/builds/worker-5/target:/opt/rustwide/target:rw,Z" "-v" "/var/lib/crater-agent-workspace/builds/worker-5/source:/opt/rustwide/workdir:ro,Z" "-v" "/var/lib/crater-agent-workspace/cargo-home:/opt/rustwide/cargo-home:ro,Z" "-v" "/var/lib/crater-agent-workspace/rustup-home:/opt/rustwide/rustup-home:ro,Z" "-e" "SOURCE_DIR=/opt/rustwide/workdir" "-e" "CARGO_TARGET_DIR=/opt/rustwide/target" "-e" "CARGO_HOME=/opt/rustwide/cargo-home" "-e" "RUSTUP_HOME=/opt/rustwide/rustup-home" "-w" "/opt/rustwide/workdir" "-m" "1610612736" "--user" "0:0" "--network" "none" "rustops/crates-build-env@sha256:d92eaeed33fa75130ca1ee6c8a01d1ffb62bac859dfdfb3450e3e5d1c0146529" "/opt/rustwide/cargo-home/bin/cargo" "+af3c6e733a40e671550e0f0f5aeecaa13772ba56" "metadata" "--no-deps" "--format-version=1", kill_on_drop: false }`
[INFO] [stdout] 8582dcb85da60990b1e4938d44a033e17ff84280a2b4c4f6b1cd063cd784ef3c
[INFO] [stderr] WARNING: Your kernel does not support swap limit capabilities or the cgroup is not mounted. Memory limited without swap.
[INFO] running `Command { std: "docker" "start" "-a" "8582dcb85da60990b1e4938d44a033e17ff84280a2b4c4f6b1cd063cd784ef3c", kill_on_drop: false }`
[INFO] running `Command { std: "docker" "inspect" "8582dcb85da60990b1e4938d44a033e17ff84280a2b4c4f6b1cd063cd784ef3c", kill_on_drop: false }`
[INFO] running `Command { std: "docker" "rm" "-f" "8582dcb85da60990b1e4938d44a033e17ff84280a2b4c4f6b1cd063cd784ef3c", kill_on_drop: false }`
[INFO] [stdout] 8582dcb85da60990b1e4938d44a033e17ff84280a2b4c4f6b1cd063cd784ef3c
[INFO] running `Command { std: "docker" "create" "-v" "/var/lib/crater-agent-workspace/builds/worker-5/target:/opt/rustwide/target:rw,Z" "-v" "/var/lib/crater-agent-workspace/builds/worker-5/source:/opt/rustwide/workdir:ro,Z" "-v" "/var/lib/crater-agent-workspace/cargo-home:/opt/rustwide/cargo-home:ro,Z" "-v" "/var/lib/crater-agent-workspace/rustup-home:/opt/rustwide/rustup-home:ro,Z" "-e" "SOURCE_DIR=/opt/rustwide/workdir" "-e" "CARGO_TARGET_DIR=/opt/rustwide/target" "-e" "CARGO_INCREMENTAL=0" "-e" "RUST_BACKTRACE=full" "-e" "RUSTFLAGS=--cap-lints=forbid" "-e" "CARGO_HOME=/opt/rustwide/cargo-home" "-e" "RUSTUP_HOME=/opt/rustwide/rustup-home" "-w" "/opt/rustwide/workdir" "-m" "1610612736" "--user" "0:0" "--network" "none" "rustops/crates-build-env@sha256:d92eaeed33fa75130ca1ee6c8a01d1ffb62bac859dfdfb3450e3e5d1c0146529" "/opt/rustwide/cargo-home/bin/cargo" "+af3c6e733a40e671550e0f0f5aeecaa13772ba56" "check" "--frozen" "--all" "--all-targets" "--message-format=json", kill_on_drop: false }`
[INFO] [stdout] 248f322d43c27534f9b3cd8a0d65bfbb8ae9d47709d6fa0013cba4cff4344446
[INFO] [stderr] WARNING: Your kernel does not support swap limit capabilities or the cgroup is not mounted. Memory limited without swap.
[INFO] running `Command { std: "docker" "start" "-a" "248f322d43c27534f9b3cd8a0d65bfbb8ae9d47709d6fa0013cba4cff4344446", kill_on_drop: false }`
[INFO] [stderr] warning: dependency (config) specified without providing a local path, Git repository, or version to use. This will be considered an error in future versions
[INFO] [stderr] warning: dependency (math) specified without providing a local path, Git repository, or version to use. This will be considered an error in future versions
[INFO] [stderr] warning: dependency (util) specified without providing a local path, Git repository, or version to use. This will be considered an error in future versions
[INFO] [stderr]     Checking cfg-if v0.1.10
[INFO] [stderr]     Checking lazy_static v1.4.0
[INFO] [stderr]    Compiling maybe-uninit v2.0.0
[INFO] [stderr]    Compiling memchr v2.3.3
[INFO] [stderr]    Compiling bitflags v1.2.1
[INFO] [stderr]    Compiling serde v1.0.116
[INFO] [stderr]    Compiling version_check v0.9.2
[INFO] [stderr]    Compiling lexical-core v0.7.4
[INFO] [stderr]     Checking static_assertions v1.1.0
[INFO] [stderr]     Checking arrayvec v0.5.1
[INFO] [stderr]     Checking arc-swap v0.4.7
[INFO] [stderr]     Checking regex-syntax v0.6.18
[INFO] [stderr]     Checking rust-ini v0.13.0
[INFO] [stderr]     Checking hashbrown v0.9.0
[INFO] [stderr]     Checking util v0.1.2
[INFO] [stderr]     Checking serde_test v0.8.23
[INFO] [stderr]    Compiling num-traits v0.2.12
[INFO] [stderr]    Compiling num-integer v0.1.43
[INFO] [stderr]    Compiling num-iter v0.1.41
[INFO] [stderr]    Compiling num-bigint v0.2.6
[INFO] [stderr]    Compiling num-bigint v0.3.0
[INFO] [stderr]    Compiling num-complex v0.2.4
[INFO] [stderr]    Compiling num-rational v0.2.4
[INFO] [stderr]    Compiling num-rational v0.3.0
[INFO] [stderr]     Checking lock_api v0.3.4
[INFO] [stderr]    Compiling indexmap v1.6.0
[INFO] [stderr]     Checking yaml-rust v0.4.4
[INFO] [stderr]     Checking ryu v1.0.5
[INFO] [stderr]     Checking log v0.4.11
[INFO] [stderr]     Checking thread_local v1.0.1
[INFO] [stderr]     Checking getrandom v0.1.15
[INFO] [stderr]     Checking parking_lot_core v0.7.2
[INFO] [stderr]     Checking signal-hook-registry v1.2.1
[INFO] [stderr]     Checking crossbeam-utils v0.7.2
[INFO] [stderr]     Checking linked-hash-map v0.3.0
[INFO] [stderr]     Checking rand_core v0.5.1
[INFO] [stderr]     Checking mio v0.7.0
[INFO] [stderr]    Compiling nom v5.1.2
[INFO] [stderr]     Checking parking_lot v0.10.2
[INFO] [stderr]     Checking crossbeam-epoch v0.8.2
[INFO] [stderr]     Checking crossbeam-channel v0.4.4
[INFO] [stderr]     Checking rand_chacha v0.2.2
[INFO] [stderr]     Checking signal-hook v0.1.16
[INFO] [stderr]     Checking aho-corasick v0.7.13
[INFO] [stderr]     Checking rand v0.7.3
[INFO] [stderr]     Checking crossterm v0.17.7
[INFO] [stderr]     Checking crossbeam-deque v0.7.3
[INFO] [stderr]     Checking rayon-core v1.8.0
[INFO] [stderr]     Checking num-traits v0.1.43
[INFO] [stderr]     Checking num-complex v0.3.0
[INFO] [stderr]     Checking regex v1.3.9
[INFO] [stderr]     Checking rayon v1.4.0
[INFO] [stderr]     Checking serde-hjson v0.9.1
[INFO] [stderr]     Checking num v0.2.1
[INFO] [stderr]     Checking num v0.3.0
[INFO] [stderr]     Checking toml v0.5.6
[INFO] [stderr]     Checking serde_json v1.0.57
[INFO] [stderr]     Checking math v0.8.8
[INFO] [stderr]     Checking config v0.10.1
[INFO] [stderr]     Checking pattern-finder v0.1.0 (/opt/rustwide/workdir)
[INFO] [stdout] error[E0432]: unresolved imports `math::polynomial`, `math::exponential`
[INFO] [stdout]  --> cli/src/main.rs:9:12
[INFO] [stdout]   |
[INFO] [stdout] 9 | use math::{polynomial::Polynomial, exponential::Exponential};
[INFO] [stdout]   |            ^^^^^^^^^^              ^^^^^^^^^^^ could not find `exponential` in `math`
[INFO] [stdout]   |            |
[INFO] [stdout]   |            could not find `polynomial` in `math`
[INFO] [stdout] 
[INFO] [stdout] 
[INFO] [stdout] error[E0432]: unresolved imports `config::fmt`, `config::output`
[INFO] [stdout]   --> cli/src/main.rs:10:14
[INFO] [stdout]    |
[INFO] [stdout] 10 | use config::{fmt::{FmtEnum, formatters}, output::Output};
[INFO] [stdout]    |              ^^^                         ^^^^^^ could not find `output` in `config`
[INFO] [stdout]    |              |
[INFO] [stdout]    |              could not find `fmt` in `config`
[INFO] [stdout] 
[INFO] [stdout] 
[INFO] [stdout] error[E0432]: unresolved import `util::parse`
[INFO] [stdout]   --> cli/src/main.rs:13:5
[INFO] [stdout]    |
[INFO] [stdout] 13 | use util::parse;
[INFO] [stdout]    |     ^^^^^^^^^^^ no `parse` in the root
[INFO] [stdout] 
[INFO] [stdout] 
[INFO] [stdout] error[E0432]: unresolved imports `math::polynomial`, `math::exponential`
[INFO] [stdout]  --> cli/src/main.rs:9:12
[INFO] [stdout]   |
[INFO] [stdout] 9 | use math::{polynomial::Polynomial, exponential::Exponential};
[INFO] [stdout]   |            ^^^^^^^^^^              ^^^^^^^^^^^ could not find `exponential` in `math`
[INFO] [stdout]   |            |
[INFO] [stdout]   |            could not find `polynomial` in `math`
[INFO] [stdout] 
[INFO] [stdout] 
[INFO] [stdout] error[E0432]: unresolved imports `config::fmt`, `config::output`
[INFO] [stdout]   --> cli/src/main.rs:10:14
[INFO] [stdout]    |
[INFO] [stdout] 10 | use config::{fmt::{FmtEnum, formatters}, output::Output};
[INFO] [stdout]    |              ^^^                         ^^^^^^ could not find `output` in `config`
[INFO] [stdout]    |              |
[INFO] [stdout]    |              could not find `fmt` in `config`
[INFO] [stdout] 
[INFO] [stdout] 
[INFO] [stdout] error[E0432]: unresolved import `util::parse`
[INFO] [stdout]   --> cli/src/main.rs:13:5
[INFO] [stdout]    |
[INFO] [stdout] 13 | use util::parse;
[INFO] [stdout]    |     ^^^^^^^^^^^ no `parse` in the root
[INFO] [stdout] 
[INFO] [stdout] 
[INFO] [stdout] error: aborting due to 3 previous errors
[INFO] [stdout] 
[INFO] [stdout] 
[INFO] [stdout] For more information about this error, try `rustc --explain E0432`.
[INFO] [stdout] 
[INFO] [stderr] error: could not compile `pattern-finder`.
[INFO] [stderr] 
[INFO] [stderr] To learn more, run the command again with --verbose.
[INFO] [stderr] warning: build failed, waiting for other jobs to finish...
[INFO] [stdout] error: aborting due to 3 previous errors
[INFO] [stdout] 
[INFO] [stdout] 
[INFO] [stdout] For more information about this error, try `rustc --explain E0432`.
[INFO] [stdout] 
[INFO] [stderr] error: build failed
[INFO] running `Command { std: "docker" "inspect" "248f322d43c27534f9b3cd8a0d65bfbb8ae9d47709d6fa0013cba4cff4344446", kill_on_drop: false }`
[INFO] running `Command { std: "docker" "rm" "-f" "248f322d43c27534f9b3cd8a0d65bfbb8ae9d47709d6fa0013cba4cff4344446", kill_on_drop: false }`
[INFO] [stdout] 248f322d43c27534f9b3cd8a0d65bfbb8ae9d47709d6fa0013cba4cff4344446
